ded by 1/(-2)*(-23 - -1)?
10
Calculate the remainder when -53*(-1 + 2)/(-1) is divided by (-1 - 1)*(-4 + -3 + 0).
11
Suppose -2*j = 3*j - 15. Suppose 8*i - j*i - 15 = 0. What is the remainder when i is divided by 1?
0
Suppose -5*k + 47 = -2*c - 2*c, -5*c = 3*k - 6. Let n = 81 - 45. Let u = n - k. Calculate the remainder when u is divided by 16.
13
Suppose 5*s + 3*b - 33 = 0, -4*b + 5 - 3 = 2*s. Calculate the remainder when 5/((-105)/72)*-7 is divided by s.
6
Let f = -8 - -16. Calculate the remainder when 150/5*f/10 is divided by 9.
6
Let o be -85 + 2 + -3 - 0. Let d = -52 - o. What is the remainder when d is divided by 9?
7
Suppose -4*h + 330 = -7*h. Suppose -4*w - x + 9 = 0, 4*w - 1 = 2*w + 3*x. What is the remainder when (4/(-5))/(w/h) is divided by 15?
14
Suppose -3*d - 5*l = -6*d + 50, 4*l = 5*d - 92. Suppose d = 3*y - 4. Calculate the remainder when 21 is divided by y.
5
What is the remainder when 6/(-2) + 3 - -10 is divided by 7?
3
Let s be 1 - ((-2)/(-2) + -80). Suppose -2*n + s = 3*n. Let w(l) = -2*l**2 + 14*l - 11. What is the remainder when n is divided by w(5)?
7
Let d be (-1)/3 - 2/(-6). Suppose d = -4*n - 8 + 24. Suppose -g - 23 = -4*u, n*u + g - 19 = u. Calculate the remainder when u is divided by 3.
0
Suppose 0 = 3*t + 3*q - 2*q - 136, 0 = -4*q - 8. What is the remainder when t is divided by 8?
6
Calculate the remainder when 97 is divided by ((-450)/27)/(2/(-3)).
22
Let m(x) = -5*x**2 - 3*x + 4. Let g(w) = -5*w**2 - 4*w + 5. Let u(l) = 3*g(l) - 4*m(l). What is the remainder when 6 is divided by u(-1)?
2
Suppose 3*s - 45 = 2*a, -2*a - 55 = -4*s - 9. Let i = a - -14. Let g = i - -29. What is the remainder when g is divided by 12?
10
Let i = -1 + 30. What is the remainder when i is divided by (-50)/4*(-2 - (-18)/15)?
9
Suppose 4*b - 11 = -s, 8*s - 130 = 3*s - 5*b. Let y(q) = q**2 - 4*q + 3. Calculate the remainder when s is divided by y(5).
7
Let s(z) = z**3 - 9*z**2 + 9*z - 1. Let o = 30 + -10. What is the remainder when o is divided by s(8)?
6
Let f be -3 + (0 - -1) - -4. Suppose 0 = 6*v - f*v - 52. Let y(i) = 5*i. Calculate the remainder when v is divided by y(1).
3
Let r = 62 - 53. Calculate the remainder when 15 is divided by r.
6
Suppose w + 7 - 6 = -3*x, 2*w = -4*x - 4. Calculate the remainder when 2 is divided by x.
0
Suppose 4*p = 5*p - 2. Suppose 63 = p*y - 67. Calculate the remainder when y is divided by 17.
14
Let p be 9/(-6) + 6/(-4). Let m = 10 - p. Suppose 5*g - 127 = 63. What is the remainder when g is divided by m?
12
Suppose -6 = 2*t - 42. What is the remainder when 51 is divided by t?
15
Let d(t) = 40*t**2 - t. Calculate the remainder when d(1) is divided by 14.
11
Suppose 3*u - 64 = 83. Calculate the remainder when u is divided by 50/(-3 + (-5)/(-1)).
24
Let m be (4/10)/(2/10). Suppose 27 = m*y - 5. Calculate the remainder when 345/6*(-8)/(-10) is divided by y.
14
Let a be (91/(-14))/((-2)/8). Let i be (a/(-8))/(4/(-16)). Suppose 3*x - 15 = 0, 3*h = -3*x + 20 + i. Calculate the remainder when h is divided by 3.
0
Suppose 13 + 15 = 2*x. Let p = -158 + 225. What is the remainder when p is divided by x?
11
Let z(f) = 4*f**2 + 11*f + 16. Let g(d) = 3*d**2 + 11*d + 17. Let l(q) = -3*g(q) + 2*z(q). What is the remainder when 18 is divided by l(-8)?
3
What is the remainder when 43 is divided by (-90)/(-12)*(2 - 0)?
13
Suppose 0*f + 15 = f + 3*g, 5*f + 2*g = 23. Suppose 3 = c - f. Let a(m) = m**2 - 6*m + 3. What is the remainder when 5 is divided by a(c)?
2
Suppose -3*b - 24 = -7*b. Calculate the remainder when 10 is divided by b.
4
Suppose 0 = -0*r + r. Suppose 0 = -2*l + 2*s + 31 + 63, r = -3*s - 6. What is the remainder when l is divided by 12?
9
Suppose 2*h - 12 = h. Suppose -k = 4, k + 3*k = 4*z - 44. Calculate the remainder when h is divided by z.
5
Let s = -41 - -59. What is the remainder when s is divided by 4?
2
Suppose -5*d + 4*g = -0*g - 27, d = -g. Calculate the remainder when d is divided by 3.
0
Let j(c) = c**2 - 3*c - 1. What is the remainder when j(4) is divided by 10/4*4/5?
1
Let v = 6 - -6. Let y = 71 - 37. Calculate the remainder when y is divided by v.
10
What is the remainder when 18*1*1 - (-2 + 2) is divided by 4?
2
Let k = 1 - -31. Calculate the remainder when k is divided by 12.
8
Let k(d) = -d**2 + 4*d - 3. Let j be k(3). Suppose -2*t + 8 = j, -3*u - 4*t + 156 = 2*u. What is the remainder when u is divided by 10?
8
Let w = 252 - 164. Suppose 0 = d + d - w. What is the remainder when 38 is divided by 2/(-1) - d/(-2)?
18
Let l = -53 + 120. What is the remainder when l is divided by 14?
11
Let m = -7 - -13. Suppose m*p = 3*p + 114. Calculate the remainder when p is divided by 20.
18
Suppose -4 = -5*i + 36. What is the remainder when i is divided by 6?
2
Let f = -26 + 46. What is the remainder when f is divided by 8?
4
Suppose 10 = -5*m, -6 = -x - 5*m - 0. Let v(i) = 4*i - 2*i - i + x. Calculate the remainder when 47 is divided by v(0).
15
Let h(l) = -l**2 - 2*l + 22. Let u(i) = i**3 + 6*i**2 - 3*i - 3. Calculate the remainder when u(-4) is divided by h(0).
19
Let s = 73 + -47. Let h = 124 - 39. Suppose 5*y - h = -10*m + 5*m, 2*y = 4*m + 16. What is the remainder when s is divided by y?
12
Calculate the remainder when (-4*(-2 - -1))/(2/11) is divided by 18.
4
Suppose -3*d = -7*d + 8. Suppose -9 = d*s - 3*s. Calculate the remainder when 22/(-154) - 106/(-7) is divided by s.
6
Suppose 43 = 2*j - 173. Let i = j + -73. Calculate the remainder when i is divided by 13.
9
Let b(h) be the first derivative of -h**2/2 - 3. Let t = -5 - -9. Calculate the remainder when t is divided by b(-3).
1
Let d = 28 + -16. Let w = 6 + 41. Calculate the remainder when (w + -1)*2/4 is divided by d.
11
Calculate the remainder when 6 + 0 + -3 - -26 is divided by 10.
9
Suppose 0 = 4*w + 4, -2*u + 0*u + 4*w + 6 = 0. What is the remainder when u/3 + 447/9 is divided by 26?
24
Suppose 5*z = 3*m + 27, -4*z - 45 = 5*m - 8*z. Let j = m - -17. Let t(d) = -6*d - 2. Calculate the remainder when t(-4) is divided by j.
6
Let x(p) = p**3 + 8*p**2 + 8*p + 5. Calculate the remainder when x(-6) is divided by 8.
5
Suppose 3*j + 2*j = 40. Suppose 5*m + 25 = -0*m, -n + 2*m = -j. Calculate the remainder when 46 is divided by -1*2 - 9*n.
14
Let k = -10 + 10. Suppose k = -x - 3*x + 200. What is the remainder when x is divided by 26?
24
Suppose 3*c = 9, 2*c + 0 - 2 = -2*u. Let f = u - -1. What is the remainder when 32 is divided by (1/f)/(3/(-33))?
10
Suppose 0*z + 3*z - 45 = 0. Let i = 33 - z. Let h(o) = o**2 + 4. What is the remainder when h(-7) is divided by i?
17
Suppose 3*c = 12, -2*c = 5*v + 2*c + 204. Let j = v + 82. What is the remainder when j is divided by 10?
8
Suppose -2*b - m + 17 = -12, -4*m - 34 = -2*b. Calculate the remainder when 57 is divided by b.
12
Let j(m) = -2*m**2 - 14*m + 9. What is the remainder when 32 is divided by j(-7)?
5
Suppose -5*c + 265 - 70 = 0. Suppose u + u - c = -5*h, 2*h = 2*u - 18. What is the remainder when 35 is divided by u?
11
Let g(z) = -3*z + 51. Let t be g(15). Suppose 0 = -0*a - 2*a - 3516. Calculate the remainder when 1/t - a/36 is divided by 17.
15
Let a(r) = 23*r**2 + 5*r - 5. Let g(z) = -z**2 - z + 1. Let t(h) = a(h) + 6*g(h). Let m = 18 + -1. What is the remainder when t(2) is divided by m?
16
Let t(d) = d**3 + 7*d**2 - d - 3. Suppose -4*r = -46 - 26. What is the remainder when t(-5) is divided by r?
16
Let w = 32 + -17. Let v = w - 2. What is the remainder when 13 is divided by v/2 - 3/(-6)?
6
Let s = -7 + 18. Suppose 3*x - 101 = -5. What is the remainder when x is divided by s?
10
Suppose 2*w = w + 3. Let q be (-2)/w*-1*3. Suppose -4*h + q*h + 20 = 0. What is the remainder when 17 is divided by h?
7
Let c = -3 - -5. Suppose v = -4*s + 58, 4*v - 6 - c = 0. What is the remainder when 41 is divided by s?
13
Let n(s) = -4*s + 1. Let b be n(1). Calculate the remainder when (-35)/b + (-1)/(-3) is divided by (-5)/((-5)/6)*5/6.
2
Let y(h) = 102*h + 1. Let q be (2/4)/((-4)/(-8)). Calculate the remainder when y(q) is divided by 26.
25
Suppose -4*p - 8 = q + 4*q, -2*p - 4 = q. What is the remainder when 19 + q + 3 - 1 is divided by 8?
5
Let l = 52 - 39. What is the remainder when 48 is divided by l?
9
Suppose -2*v + p - 6 = 0, -4*p = -4*v - 0*p - 16. What is the remainder when 21 is divided by -1*(1 